vided by 185?
9
What is the remainder when 462 is divided by 460?
2
What is the remainder when 2273 is divided by 50?
23
What is the remainder when 673 is divided by 5?
3
Calculate the remainder when 384 is divided by 198.
186
Calculate the remainder when 843 is divided by 300.
243
Calculate the remainder when 167 is divided by 9.
5
What is the remainder when 13768 is divided by 153?
151
Calculate the remainder when 59 is divided by 32.
27
Calculate the remainder when 114 is divided by 64.
50
Calculate the remainder when 367 is divided by 41.
39
Calculate the remainder when 197 is divided by 33.
32
Calculate the remainder when 459 is divided by 167.
125
Calculate the remainder when 44 is divided by 3.
2
What is the remainder when 637 is divided by 80?
77
Calculate the remainder when 635 is divided by 49.
47
What is the remainder when 1296 is divided by 22?
20
Calculate the remainder when 344 is divided by 138.
68
What is the remainder when 323 is divided by 187?
136
What is the remainder when 1152 is divided by 288?
0
What is the remainder when 29 is divided by 21?
8
What is the remainder when 1596 is divided by 18?
12
What is the remainder when 970 is divided by 98?
88
Calculate the remainder when 123 is divided by 18.
15
What is the remainder when 809 is divided by 129?
35
What is the remainder when 538 is divided by 77?
76
Calculate the remainder when 294 is divided by 235.
59
Calculate the remainder when 219 is divided by 22.
21
Calculate the remainder when 419 is divided by 12.
11
Calculate the remainder when 621 is divided by 8.
5
Calculate the remainder when 60 is divided by 16.
12
What is the remainder when 1708 is divided by 19?
17
Calculate the remainder when 25 is divided by 7.
4
What is the remainder when 465 is divided by 442?
23
Calculate the remainder when 206 is divided by 23.
22
Calculate the remainder when 238 is divided by 10.
8
Calculate the remainder when 732 is divided by 21.
18
What is the remainder when 3077 is divided by 114?
113
Calculate the remainder when 170 is divided by 43.
41
What is the remainder when 202 is divided by 27?
13
What is the remainder when 395 is divided by 44?
43
Calculate the remainder when 136 is divided by 36.
28
Calculate the remainder when 1947 is divided by 23.
15
What is the remainder when 432 is divided by 40?
32
What is the remainder when 5303 is divided by 443?
430
Calculate the remainder when 2254 is divided by 58.
50
What is the remainder when 1273 is divided by 62?
33
What is the remainder when 993 is divided by 101?
84
What is the remainder when 2087 is divided by 22?
19
What is the remainder when 221 is divided by 13?
0
Calculate the remainder when 600 is divided by 9.
6
Calculate the remainder when 622 is divided by 48.
46
Calculate the remainder when 138 is divided by 37.
27
What is the remainder when 13030 is divided by 98?
94
Calculate the remainder when 239 is divided by 100.
39
What is the remainder when 813 is divided by 137?
128
What is the remainder when 376 is divided by 90?
16
Calculate the remainder when 363 is divided by 122.
119
What is the remainder when 1944 is divided by 215?
9
What is the remainder when 189 is divided by 58?
15
Calculate the remainder when 1762 is divided by 118.
110
What is the remainder when 74 is divided by 38?
36
Calculate the remainder when 8290 is divided by 237.
232
Calculate the remainder when 6839 is divided by 11.
8
Calculate the remainder when 430 is divided by 31.
27
Calculate the remainder when 168 is divided by 19.
16
Calculate the remainder when 50219 is divided by 270.
269
Calculate the remainder when 227 is divided by 42.
17
What is the remainder when 618 is divided by 10?
8
What is the remainder when 118 is divided by 65?
53
Calculate the remainder when 191 is divided by 34.
21
What is the remainder when 322 is divided by 25?
22
What is the remainder when 559 is divided by 80?
79
What is the remainder when 5711 is divided by 17?
16
Calculate the remainder when 4333 is divided by 17.
15
Calculate the remainder when 7807 is divided by 28.
23
Calculate the remainder when 1027 is divided by 440.
147
Calculate the remainder when 149 is divided by 40.
29
Calculate the remainder when 204 is divided by 35.
29
What is the remainder when 1888 is divided by 45?
43
What is the remainder when 81 is divided by 36?
9
What is the remainder when 9188 is divided by 7?
4
What is the remainder when 5433 is divided by 11?
10
What is the remainder when 258 is divided by 8?
2
What is the remainder when 34 is divided by 6?
4
Calculate the remainder when 318 is divided by 137.
44
What is the remainder when 17851 is divided by 33?
31
Calculate the remainder when 89 is divided by 52.
37
Calculate the remainder when 59 is divided by 35.
24
What is the remainder when 962 is divided by 312?
26
What is the remainder when 426 is divided by 26?
10
What is the remainder when 605 is divided by 192?
29
What is the remainder when 16 is divided by 4?
0
What is the remainder when 1010 is divided by 287?
149
Calculate the remainder when 14 is divided by 3.
2
What is the remainder when 37 is divided by 35?
2
What is the remainder when 4242 is divided by 9?
3
What is the remainder when 378 is divided by 48?
42
What is the remainder when 503 is divided by 43?
30
Calculate the remainder when 814 is divided by 24.
22
What is the remainder when 463 is divided by 16?
15
Calculate the remainder when 4089 is divided by 21.
15
What is the remainder when 641 is divided by 107?
106
What is the remainder when 81906 is divided by 19?
16
What is the remainder when 30 is divided by 17?
13
What is the remainder when 1169 is divided by 18?
17
Calculate the remainder when 2243 is divided by 49.
38
Calculate the remainder when 1646 is divided by 446.
308
What is the remainder when 636 is divided by 10?
6
Calculate the remainder when 362 is divided by 33.
32
What is the remainder when 62 is divided by 30?
2
Calculate the remainder when 471 is divided by 136.
63
Calculate the remainder when 55 is divided by 45.
10
What is the remainder when 104 is divided by 55?
49
What is the remainder when 219 is divided by 70?
9
What is the remainder when 8178 is divided by 10?
8
Calculate the remainder when 257 is divided by 116.
25
What is the remainder when 2691 is divided by 35?
31
Calculate the remainder when 688 is divided by 53.
52
Calculate the remainder when 174 is divided by 7.
6
What is the remainder when 621 is divided by 26?
23
What is the remainder when 403 is divided by 41?
34
Calculate the remainder when 100 is divided by 38.
24
Calculate the remainder when 1926 is divided by 80.
6
What is the remainder when 12 is divided by 2?
0
What is the remainder when 1674 is divided by 502?
168
Calculate the remainder when 78 is divided by 38.
2
Calculate the remainder when 1418 is divided by 178.
172
What is the remainder when 408 is divided by 33?
12
What is the remainder when 3578 is divided by 10?
8
What is the remainder when 877 is divided by 110?
107
What is the remainder when 1556 is divided by 140?
16
What is the remainder when 615 is divided by 28?
27
What is the remainder when 582 is divided by 121?
98
What is the remainder when 1196 is divided by 21?
20
What is the remainder when 460 is divided by 17?
1
What is the remainder when 8083 is divided by 89?
73
What is the remainder when 288 is divided by 108?
72
Calculate the remainder when 80 is divided by 46.
34
Calculate the remainder when 86 is divided by 48.
38
What is the remainder when 319 is divided by 32?
31
What is the remainder when 173 is divided by 89?
84
What is the remainder when 31 is divided by 8?
7
What is the remainder when 107 is divided by 27?
26
What is the remainder when 315 is divided by 40?
35
Calculate the remainder when 4737 is divided by 42.
33
What is the remainder when 2755 is divided by 120?
115
What is the remainder when 18327 is divided by 235?
232
Calculate the remainder when 254 is divided by 83.
5
Calculate the remainder when 385 is divided by 36.
25
What is the remainder when 475 is divided by 68?
67
Calculate the remainder when 232 is divided by 60.
52
What is the remainder when 82 is divided by 52?
30
Calculate the remainder when 620 is divided by 173.
101
Calculate the remainder when 631 is divided b